units digit of a(u)?
7
Suppose -4*o - 2163 = -25*o. What is the tens digit of o?
0
Suppose -4*x + 755 = x. What is the hundreds digit of x?
1
Let x = -9 - -12. Suppose x*q = 4*z - 8 - 60, 2*z - 3*q = 28. What is the units digit of z?
0
Let i(j) = -j**3 + j**2. Let m be i(0). Let w = m - -1. What is the tens digit of 1 + (11/w - 2)?
1
Suppose r + 188 = 6*m - 3*m, 0 = 5*m - 4*r - 325. Suppose 0 = 5*l + z - 161, -2*l + 2*z = -z - m. What is the units digit of l?
2
Suppose -4*l + 6 = -l. Let s = 4 + l. Suppose s*j - 30 = j. What is the units digit of j?
6
Suppose 2*q = 3 + 5. Suppose q*m + 2*t - 123 = 51, 3*m - 3*t = 108. Suppose i + 0*i = 4*a - m, i - 9 = -a. What is the units digit of a?
0
Suppose 3*b + 4 = 4*b. Suppose -b*g + 20 + 32 = 0. What is the units digit of g?
3
Let v(b) = 2*b**2 - 2*b - 1. Let d be v(2). Suppose -8*z = -d*z. Let c(t) = t + 4. What is the units digit of c(z)?
4
Let v = -62 + 175. What is the tens digit of v?
1
Let u be (-1183)/63 - 4/18. Let r = -7 - u. What is the units digit of r?
2
Let n(x) = 7*x**2 + 2*x + 13. What is the tens digit of n(-4)?
1
Suppose 0 = 5*o - 4*f - 0*f - 18, -3*f = -2*o + 3. Let m = o + -4. Suppose -7*q = -m*q - 10. What is the units digit of q?
2
What is the units digit of (-560)/(-72) - (-4)/18?
8
What is the tens digit of (-115)/(-1) + (4 - 1)?
1
Let r = -9 + 13. Suppose -q + 7 = -r. What is the units digit of q?
1
Suppose 4*p = -p, 3*r - 3*p = 15. Suppose 5*v - 30 = r. Let s = 9 - v. What is the units digit of s?
2
Let q(a) = 7*a - 3. What is the tens digit of q(8)?
5
Let v(z) = -4*z. What is the units digit of v(-2)?
8
Let y be 24/(-9) + (-3)/9. Let l = 5 - y. What is the units digit of l?
8
Suppose 3 - 2 = l. Let z be 1*7 - (-2 + l). Let j = -1 + z. What is the units digit of j?
7
Suppose 0 = -5*k - 5 + 245. What is the units digit of k?
8
Let j = -8 - -46. What is the units digit of j?
8
Let l(a) = a**2 - 2*a - 1. Let o be l(-3). Suppose 3*x - 3*t - 20 = t, 3*x = t + o. Let g = 7 - x. What is the units digit of g?
3
Let p be 8/(-6)*21/(-2). Let k be ((-2)/(-3))/(12/90). Suppose k*t + 5*f = 14 - 4, -3*f + p = 5*t. What is the units digit of t?
4
Let y(d) = 2*d**2 + 3*d + 3. What is the units digit of y(4)?
7
Suppose 6*j + 64 = 5*j. Let v = -29 - j. What is the units digit of v?
5
Let g = 14 - 9. What is the tens digit of g/(75/72)*5?
2
Suppose -5*l + 1276 = -2*q, -2*q + 163 + 609 = 3*l. What is the tens digit of l?
5
Let j = 3 - 4. Let m(x) = -22*x - 2. What is the tens digit of m(j)?
2
Let r(b) = -3*b**3 - b**2 + 1. Let m be r(-1). Let u be m/12 + 25/(-4). Let a(o) = o**2 + 4*o - 8. What is the units digit of a(u)?
4
Let l be (-2 - -2)/(-1) - -2. Let o(t) be the first derivative of 2*t**3/3 - t**2 + 2*t + 3. What is the units digit of o(l)?
6
Let t = 14 + -12. Suppose 4*z - 86 = 2*u, 0*z = -t*z + 2*u + 42. What is the tens digit of z?
2
Let h = -248 - -495. What is the hundreds digit of h?
2
Suppose -4*k + 25 = k, 4*c + 17 = 5*k. Suppose -c*d + 78 = 2*j, -188 = -5*j + d + d. What is the tens digit of j?
3
Let m = 6 + -2. What is the units digit of m?
4
Let n = -5 + 10. Let y = -7 + n. What is the units digit of 2*1 - y/2?
3
What is the tens digit of (44/(-3) - -1)*(-12)/4?
4
Suppose -25 = -2*w - 3*w. What is the units digit of w?
5
Let d = 3 + -9. What is the units digit of (-102)/(-14) + d/21?
7
What is the units digit of (((-868)/12)/(2/(-6)))/1?
7
Let w(d) = d**3 - 9*d**2 + 5*d - 2. What is the tens digit of w(9)?
4
Suppose 3*t - 14 = 4. Suppose -2*z + 5*d = -19, z - t + 14 = -d. Let o(i) = -3*i - 1. What is the units digit of o(z)?
8
Let l be 1/(2/(-3 - -53)). Let i = l - 17. What is the units digit of i?
8
Suppose 2*l = -5*n + 9, 0 = -n + 2*l - 7*l - 12. Suppose 0 = 3*s - n*w - 60, -3*w - 20 = 2*w. What is the tens digit of s?
1
Let d = 108 - 17. What is the tens digit of d?
9
Let j(b) be the third derivative of -b**6/120 - 7*b**5/60 - 7*b**4/24 - b**3/2 + 2*b**2. Let v be j(-6). Suppose v*o - 5 = 22. What is the units digit of o?
9
Suppose 0 = -3*n + 2*s + 254, 2*n + s + 4*s = 163. What is the units digit of n?
4
Let b = 205 + -25. What is the tens digit of b?
8
What is the units digit of 178/6 - (-1)/3?
0
Suppose 207*w = 203*w + 1012. What is the hundreds digit of w?
2
Let r(n) = -4*n - 10 + 9*n - 8. What is the tens digit of r(8)?
2
Let u(i) = i**3 + 7*i**2 - 6*i - 8. What is the units digit of u(-6)?
4
Let i be (-2)/3 - (-11)/3. Suppose -i*w = -w. What is the units digit of 2*(1 + 0 + w)?
2
Let h = -78 - -123. Suppose 6*d = d + h. What is the units digit of d?
9
Let q(o) be the first derivative of 3*o**2/2 - o + 2. Let c(u) = 5*u - 2. Let f(w) = 4*c(w) - 9*q(w). What is the units digit of f(-1)?
8
Let k(f) = f**2 - 3*f + 4. Let t be k(4). Let m be (-38)/171 - 86/18. Let s = t + m. What is the units digit of s?
3
Let k be 5/(-2) - 9/18. What is the units digit of k*((-60)/(-9))/(-2)?
0
Let h be (0 + 4)*3/6. Suppose -19 + 4 = 5*a, 0 = 5*n + h*a - 39. What is the units digit of n?
9
Let k = 209 + -27. What is the tens digit of k?
8
Suppose -3*i - 3*p = 2*p - 59, 0 = 5*p - 5. Suppose -2*f = -3*d + i, -4*d - 3*f = -f - 10. What is the units digit of d?
4
Let u(a) = -a**3 - a**2 - 2. Let r be u(-2). Suppose 21 = r*f - f. What is the tens digit of f?
2
Suppose -7 = -3*b - 4*r, -2*r - 4 = -0*r. What is the units digit of b?
5
Let z = -146 - -294. What is the hundreds digit of z?
1
Let l(g) = g**3 + 4*g**2 - 6*g + 4. Let b be 48/(-9) + 3/9. What is the units digit of l(b)?
9
Let w(m) = -m**3 + 6*m**2 + 2*m + 2. Let i be w(6). Let l = -8 + i. Suppose 2*z + q - l*q - 36 = 0, 0 = 3*z + 4*q - 8. What is the units digit of z?
8
Suppose 3*i - 2*v = 16, -i - 14 = -5*i - v. Suppose -i*d + 60 = -88. What is the units digit of d?
7
What is the units digit of 16/(-4) - 1*-26?
2
Suppose -y - 7 = -5*o, 3*o - 9 = -y - 0*y. Suppose o*l - 39 = -l - 3*n, 2*l - 2*n - 34 = 0. What is the tens digit of l?
1
Suppose 0 = -3*c - 4*s + 16, -5*c - s = -2*c - 4. Suppose n = -2*j - 2*j + 93, -3*j + 3*n + 81 = c. What is the units digit of j?
4
Let f = 15 + -5. What is the units digit of (f + -1)/(3/2)?
6
Let q(o) = -o**2 - 13*o + 1. Let j(y) = y**2 + 14*y. Let d(p) = -5*j(p) - 6*q(p). Suppose 15*v - 20*v - 45 = 0. What is the units digit of d(v)?
3
Let a = 98 - 71. What is the tens digit of a?
2
Suppose 2*m = 2*d + 122, 9*d - 295 = -5*m + 4*d. What is the tens digit of m?
6
Suppose 144*y - 140*y - 1256 = 0. What is the units digit of y?
4
Let g = -5 + 8. Let f = 5 - g. Let s = f + 0. What is the units digit of s?
2
Let g be -2 - (3 - (0 + -3)). Let y(w) = -3*w - 7. Let c be y(g). Let f = c + -7. What is the units digit of f?
0
Suppose 6*g - 8*g + 66 = 0. What is the tens digit of g?
3
Let m be (-1 - -6)*(-9)/9. Let f(b) = -3*b - 2*b - 2*b - 4 + b**3 + 4*b**2. What is the units digit of f(m)?
6
Let k(g) = g**3 - 4*g**2 - 4*g + 2. Suppose 0*r - 5*r + 25 = 0. Let y be k(r). Let d = -1 + y. What is the units digit of d?
6
Let p = 11 - -6. What is the tens digit of p + 5 + -2 + 0?
2
Let h(r) = -5*r**2 + 8*r + 1. Let z(d) = -d**2 + d + 1. Let w(s) = h(s) - 6*z(s). Let y be w(8). Suppose -j - y = -6*j. What is the tens digit of j?
1
Let m(f) = -f + 1. Let a be ((0 - 0)/(-3))/2. Let y = -3 + a. What is the units digit of m(y)?
4
Suppose 26*h - 29*h = -312. What is the hundreds digit of h?
1
Let w(s) = s. Let t(g) = -2*g - 1. Let y(j) = -2*t(j) - 6*w(j). What is the tens digit of y(-6)?
1
Let k = 8 - 5. Suppose -k = -b + 1. What is the units digit of b?
4
Let j(n) = n**3 - 8*n**2 - 9*n + 3. Let u be j(9). Suppose -4*s + s = 0. Let a = u + s. What is the units digit of a?
3
Suppose 7*l = 5*l + 106. What is the tens digit of l?
5
Let t(m) = -m + 10. Let o be t(8). Let c be (2/o)/((-2)/(-4)). What is the units digit of 2*(-26)/(-8)*c?
3
Let t = 11 - 6. Suppose y + 3 = 2*o - 6, -t*y - 15 = -5*o. What is the units digit of o?
6
What is the tens digit of (-9)/(-54) + 1750/12?
4
Suppose -8 = -5*l + 12. Let s = 2 - l. Let v = 6 + s. What is the units digit of v?
4
Let q(k) = k**2 - 5*k + 6. Suppose -4*u - 94 = -6*u. Suppose -5*p - 14 = 4*t - u, -19 = -5*p + 3*t. What is the units digit of q(p)?
6
Suppose x = p + 10, 0 = 3*x + x - p - 37. Let a = -5 + x. What is the units digit of a?
4
Let u(v) = 4*v**2 + v - 1. Let z be u(1). S